-6*h(v) - y(v). Determine w(0).
6
Let r(d) = 18*d**2 - 84*d + 76*d - 13*d**2 - 6*d**2. Give r(-9).
-9
Let o = -20 - -18. Let f(i) = 4*i**3 + 5*i**2 + 4*i. Let r(c) = 7*c**3 + 9*c**2 + 7*c. Let y(u) = -5*f(u) + 3*r(u). What is y(o)?
-2
Let n(a) = a**3 + 5*a**2 + 2*a - 1. Let h(u) = 7*u**2 - u. Let t be h(-1). Suppose 48 = -t*k + 16. What is n(k)?
7
Let g(u) be the second derivative of -u**8/6720 - u**7/1260 + u**6/360 + u**5/60 + 17*u**4/12 + 2*u. Let b(a) be the third derivative of g(a). Calculate b(-2).
-2
Let r be ((-3)/3 + -5 - 0) + 2. Let v(h) = -h - 1. Give v(r).
3
Let h(n) = -5*n - 47. Let q be h(-9). Let u(t) = -t**3 + 4*t + 3. Give u(q).
3
Let k(x) = x**2 - 6*x + 3. Suppose -17*c = -7 - 61. What is k(c)?
-5
Let q(g) = -5*g + 12. Let s(j) = 26*j - 60. Let b(k) = 16*q(k) + 3*s(k). Calculate b(11).
-10
Let l = 6 - 11. Let y(o) be the second derivative of o**6/360 + o**5/20 + 3*o**4/4 + 9*o. Let u(b) be the third derivative of y(b). Calculate u(l).
-4
Let s = -44 + 45. Suppose 11*k - s = 12*k. Let c(t) = 7*t - 1. What is c(k)?
-8
Suppose 4*h - 4 = 4. Let w(k) = 10*k**3 + 0 + 7*k**2 - 2*k - 3 - 5*k**h + 4. Calculate w(1).
11
Let v(w) = -11 + 3 - 6*w + 5*w. Let z = -19 - -33. Let o = 7 - z. What is v(o)?
-1
Let r be 46/14 + (-4)/14. Suppose -r*l = -7*l + 24. Let s(c) be the first derivative of c**4/4 - 7*c**3/3 + 7*c**2/2 - 7*c + 601. Determine s(l).
-1
Let q(r) = -r**3 + 4*r**2 - 2*r - 2. Suppose 3*z - 8 = -2. Suppose z*v - 4*v = 4*c + 6, -5*c - 9 = v. Let u be -4*-2*(-1)/c. Give q(u).
-10
Let s(f) = -f**2 - 6*f + 3. Let v(n) = -6 + 3 + 2 + 2. Let a(i) = i. Let c be a(1). Let t(u) = c*s(u) - 2*v(u). Calculate t(-5).
6
Let l(h) = h**2 + 42*h + 220. Let j be l(-6). Let x(m) = -7*m + 36. What is x(j)?
8
Let c(x) = 3*x + 5*x + 1 - 5*x. Let m be 3 + (2720/(-30) - 2/6). Let a be 4/(-22) - (7 - (-896)/m). What is c(a)?
10
Let v(h) = -2*h + 2*h**2 + 43*h**3 - 1 - 40*h**3 + 0*h**2. Calculate v(-2).
-13
Let z(l) be the third derivative of -l**4/12 - l**3/3 + l**2. Let t(g) = 4*g + 23. Let k be t(-12). Let d = 29 + k. Give z(d).
-10
Let p(t) be the second derivative of -2*t**4/3 - t**3/6 + t**2 - 9*t + 4. What is p(1)?
-7
Let v = -15 - 10. Let r = 33 + v. Let y(z) = z + 3. What is y(r)?
11
Let b(k) = -14*k - 3. Suppose 24*m - 19*m = 2*g + 5, 5*g + 27 = -2*m. Calculate b(m).
11
Let z be 13/(-2) + (0 - (-4)/(-8)). Let y(m) = 9*m + 11. Let g(h) = 4*h + 5. Let c(n) = -13*g(n) + 6*y(n). What is c(z)?
-13
Let o(t) = 2*t**2 - 7*t - 4. Suppose -99*a - 32 = -107*a. Calculate o(a).
0
Let y(k) = k + 8*k**2 - 44*k**2 + 10*k**2 + 22*k**2 - k**3 + 9. What is y(-4)?
5
Let o(t) = -47*t + 16. Let m(r) = 101*r - 34. Let i(f) = -6*m(f) - 13*o(f). What is i(-1)?
-9
Let q(r) = -6*r + 5. Let g(c) = -18*c + 66. Let k be g(4). What is q(k)?
41
Let v(z) = 3*z**2 - 15*z + 4. Let p(m) = -m**2 + 5*m - 1. Let w be -19 + (5 - 5) - -2. Let j(h) = w*p(h) - 6*v(h). Give j(5).
-7
Let g be 21/(-2)*-4*(-8)/(-96). Let q(h) be the first derivative of 1/4*h**4 + g*h**2 - 4 - 7*h + 7/3*h**3. Give q(-6).
-13
Let f(g) = 6*g + 73. Let w be f(-7). Let q(o) = 33*o - 4 - 66*o + w*o. Give q(-5).
6
Let n(u) be the first derivative of 1/8*u**4 + 0*u - 2 - 1/2*u**3 + 2*u**2. Let l(p) be the second derivative of n(p). What is l(2)?
3
Let s(o) = -o - 1. Suppose 0 = 12*w + 37 - 1. Let f be 12*w/18*-3. Calculate s(f).
-7
Let p(h) be the second derivative of 0*h**2 + 0 - h + 1/12*h**4 + 1/10*h**5 + 1/6*h**3. Suppose -3*z = 7 - 4. Determine p(z).
-2
Let f(m) = 43*m + 40*m + 40*m - 118*m + 5. What is f(-6)?
-25
Let k be 2/(-5) - 11*(-3)/(-5). Let b(r) = 3*r + 19. Determine b(k).
-2
Suppose j + 5*p - 32 = 0, 4*j - p - 18 = 5. Let k(q) be the first derivative of q**4/4 - 8*q**3/3 + 4*q**2 - 8*q - 648. Calculate k(j).
-1
Let m(d) = -d**3 + 5*d**2 + 4. Let k be m(5). Let n be 60/16 + 1/k. Let o(w) = 21*w - 20. Let t(x) = 4*x - 4. Let v(c) = -2*o(c) + 11*t(c). Determine v(n).
4
Let n = 428 - 434. Let d(b) = 3*b**2 - 5*b + 4 - b - 2*b - 5*b**2. Calculate d(n).
-20
Let p(y) = 3. Let o(v) = -v + 10. Let b(j) = o(j) - 4*p(j). What is b(0)?
-2
Let n(i) = -7*i + 12. Let a(w) = 3*w - 6. Let g(v) = -9*a(v) - 4*n(v). Let s = -4023 + 4016. Calculate g(s).
-1
Let o(g) = -5*g**3 - g**2 + g + 1. Let z = -7 + -67. Let p = -75 - z. Give o(p).
4
Let k be 2/((-8)/6)*(-2)/3. Let j(h) be the third derivative of h**8/10080 + h**5/60 + 2*h**2. Let v(s) be the third derivative of j(s). What is v(k)?
2
Let s(c) be the first derivative of c**3/3 - 7*c**2/2 - 6*c - 39. Determine s(9).
12
Suppose 3*l + 4*q = l - 4, -3*l + 3*q = -30. Let o(v) = -4 - 1 - 7*v**2 + l. Give o(-1).
-6
Let t(w) be the third derivative of w**6/120 - w**5/12 - w**4/6 + 5*w**3/6 + 17*w**2 - 3. Suppose -35 = -5*p + 2*i - 3*i, 0 = -3*p - 4*i + 38. Calculate t(p).
17
Suppose -5*m = -2*p + 24, 3*p + 10 = -4*m - 0*m. Suppose 0*u = -p*u. Let i(y) = y**2 + y + 7. Calculate i(u).
7
Let a(t) = -5*t**2 + 8*t + 3. Let p be a(5). Let x = -78 - p. Let r(z) = z**2 - 6*z + 1. Determine r(x).
-7
Let v(j) = 5*j**3 - j**2 - 2*j - 1. Let s(i) = -i**3 + i**2 - i - 1. Let y(t) = -s(t) + v(t). Give y(-1).
-7
Let h = -39 - -44. Suppose -2*a = -h*i + 8 - 3, a = -5. Let r(d) = -14*d - 1. What is r(i)?
13
Let h(l) = 3*l - 8. Suppose -20 = 63*z - 68*z. Let a be h(z). Let o(t) = t**2 - 5*t + 4. Calculate o(a).
0
Suppose -24 = -6*u + u - s, -3*u + 4*s - 4 = 0. Let t be (1 - 2)/((-1)/3). Let r(y) = -16*y + 9*y + 2 + 2 - y**t + 6*y**2. What is r(u)?
8
Let u(d) = -d**2 - 17*d - 12. Let n be u(-16). Let k(f) = -4*f**3 + 3*f**3 + n*f + 0*f + 2*f**2 + 3. Calculate k(4).
-13
Suppose t + 27 = 3*s + 3*t, -4*s = 3*t - 35. Let f = s + -7. Suppose -f*h = -5*h. Let q(p) = -p**2 + p + 6. Calculate q(h).
6
Let c be 28/10 + (-4)/(-20) + 3. Let z(r) = -1 + 5 + 5 + r**3 - 5*r**2 - 6*r. What is z(c)?
9
Let w(r) = r - 8. Let g be w(11). Let i(n) = -3*n - 4*n**2 - 5 + 5*n**2 + g. Give i(3).
-2
Let z = -1 - -2. Let x(d) = 5*d + 1. Let b be x(z). Let h(a) be the third derivative of -a**5/60 + a**4/6 + 7*a**3/6 - 93*a**2. Calculate h(b).
-5
Let u be (-54 - -49)*(-12)/(-5). Let m(o) = o**3 + 12*o**2 - o - 8. Determine m(u).
4
Suppose 4*p = 13*p + 9. Let c(j) = -7*j**3. Calculate c(p).
7
Let f(i) = -i - 1. Let v(p) = -2*p**3 + p**2 + 2*p + 1. Let l be v(-1). Let a(m) = -l - 2*m - 2*m + m + 0*m. Let t(q) = 4*a(q) - 7*f(q). What is t(-1)?
4
Let f(c) = c**3 + 12*c**2 + 13*c - 21. Let u(n) = -2*n**3 - 24*n**2 - 25*n + 42. Let h(w) = 7*f(w) + 4*u(w). Give h(-11).
-1
Let l(h) = -h**3 + 20*h**2 + 24*h - 49. Let i be l(21). Let r(q) = -12*q + i*q + 17*q**3 + 1 - 18*q**3 + 2*q**2. Calculate r(-1).
2
Let s(a) = 3*a**3 - 2*a**2 - 2*a - 1. Let v be s(-1). Let g(q) = -q**3 - 4*q**2 + q - 5. Give g(v).
-9
Let o be 32/5 + (-56)/40. Let v(t) = -t + 3. Give v(o).
-2
Let m(l) be the second derivative of l**6/360 - 7*l**5/120 + 3*l**4 - 3*l. Let u(j) be the third derivative of m(j). What is u(5)?
3
Suppose -3*l = -2*l + 7. Let n(x) = -6*x + 4*x**2 - 12*x**2 + 7*x**2 + 5. What is n(l)?
-2
Let q(i) = -15*i + 99. Let f be q(7). Let d(l) = -l**3 - 5*l**2 + 7*l - 4. What is d(f)?
-10
Let u(z) = z**3 + 4*z**2 + 5*z. Let n = -80 + 73. Let b(p) = -2*p**3 - 7*p**2 - 10*p - 1. Let y(t) = n*u(t) - 3*b(t). Give y(-6).
-3
Suppose 4*v - 21 = v. Let s(l) = 2*l - 9. Give s(v).
5
Let v(z) be the third derivative of -z**6/120 - 2*z**5/15 - z**4/8 + 7*z**3/6 + 635*z**2. Determine v(-7).
-21
Let c = -38 - -69. Let l = c - 38. Let m(z) = 2*z + 4. What is m(l)?
-10
Let o(s) = -s**2 - 3*s - 9. Let b = 180 - 186. Calculate o(b).
-27
Let f(n) = 2*n + 2. Let i(v) be the first derivative of v**2 + 2*v + 11. Let w(l) = 4*f(l) - 3*i(l). Calculate w(2).
6
Let x(s) = 2*s - 12. Let m be x(3). Let q(g) be the third derivative of g**6/120 + 2*g**5/15 + g**4/3 + 7*g**3/6 - 20*g**2. What is q(m)?
31
Let n be 2/(-1 + (-18)/(-14)). Let y(p) = -2*p + 2*p + 4*p - 2*p - 8*p + p**2. Determine y(n).
7
Let x(c) = -6*c**3 + 2*c**2 - 5. Let h(u) = -u**2 + 2. Let o(d) = 3*h(d) + x(d). What is o(1)?
-6
Let x(u) = 64 - 131 + 2*u + 64. What is x(-2)?
-7
Let g(l) = l**3 + 7*l**2 + 5*l - 1. Suppose 0 = 27*q + 71 + 91. Give g(q).
5
Let k be (-90)/14 - (-3)/7. Let b(n) = n**3 + 6*n**2 + n. Let w be b(k). Let u(r) = -2*r - 6. Give u(w).
6
Let d be (-6)/(5 + (-55)/10). Let m(f) = -12*f*